 3*f - 3*f**2 - f**3 + 0*f**3. Let s be d(-5). What is the greatest common divisor of n and s?
11
Let c(i) = 3*i + 10. Let r(p) = -2*p - 10. Let l(a) = 5*c(a) + 6*r(a). Let t be l(7). Calculate the highest common factor of 121 and t.
11
Let h = 59 + -29. Let p(o) = o**2 + 4*o + 1. Let s be p(-5). What is the highest common factor of h and s?
6
Let x be ((-1)/(-2))/(2/120). Let l be x/12*1*6. Let h = l - 9. What is the highest common factor of 18 and h?
6
Suppose -q + 60 = 3*q. Let x be (-31 + 1)/((-5)/q). Calculate the highest common factor of 10 and x.
10
Let g = -48 + 136. What is the greatest common factor of g and 22?
22
Let k = -13 + 17. What is the greatest common factor of k and 1?
1
Suppose 0 = -2*m - 3 + 13. Let r(d) = d**3 + 8*d**2 + 7*d - 5. Let h be r(-6). Calculate the greatest common factor of m and h.
5
Suppose 5*k = 2*k + 66. Suppose 4*j - k - 18 = 0. Suppose -s = -2*s + j. Calculate the highest common factor of s and 110.
10
Let x = -66 + 304. What is the highest common factor of 34 and x?
34
Suppose 0 = -3*y - 842 - 4582. Let t be y/40 + (-1)/(-5). Let c be (378/t)/(2/(-5)). What is the greatest common divisor of c and 84?
21
Let g be 6/(-4) + 21/6. Let h = 54 + g. Calculate the highest common factor of h and 7.
7
Let w(z) be the first derivative of -9*z - 2. Let n(i) = -i + 9. Let y(q) = 4*n(q) + 5*w(q). Let m be y(-7). What is the greatest common factor of 95 and m?
19
Let f(r) = -r**2 + 20*r + 4. Let m be (8 - 2) + (-1 - -1). Let k be f(m). What is the greatest common divisor of k and 8?
8
Suppose 4 + 16 = 4*y. Suppose 0 = y*n - 2*f - 29, f = 5*f + 8. Suppose n*p - 7 = 8. What is the greatest common divisor of 27 and p?
3
Suppose u - 1 = 1. Let o be (u/(-4))/(3/(-42)). Let h be (-8)/24 - (-170)/6. What is the greatest common factor of o and h?
7
Let l = -21 - -8. Let i = -9 - l. Let s be ((-7)/2)/((-1)/i). What is the highest common factor of 2 and s?
2
Suppose 3*d = -4*z - z + 209, -2*d = -5*z - 181. Let l be 1/(-5) + 522/10. Calculate the greatest common factor of d and l.
26
Let k be (21 - (0 + 2)) + -1. Calculate the greatest common divisor of 198 and k.
18
Suppose 2*x + 2*q = 598, -29*x + 26*x + 901 = -q. Calculate the greatest common divisor of x and 75.
75
Let i(z) = -7*z + 2. Let b be i(-1). Calculate the greatest common divisor of 9 and b.
9
Suppose 0 = -o - 4*s, -22 = -4*o + 4*s - 2. What is the highest common divisor of o and 4?
4
Let v(l) = l - 3. Let i be v(6). Suppose -i*x + 15 = -18. Calculate the highest common divisor of 99 and x.
11
Suppose -8 = -g + m + 25, 4*m = -g + 8. What is the greatest common factor of g and 28?
28
Let m(b) = -b + 10. Let d be m(0). What is the greatest common factor of d and 10?
10
Let q = 16 + 8. Suppose 9*o - 42 = 2*o. What is the greatest common factor of q and o?
6
Let c(w) = -7*w. Let g be c(-1). Suppose 3*r = 5*s - 245, 0 = 2*s + r - 60 - 38. Calculate the greatest common factor of g and s.
7
Let a be (-906)/(-21) - (-4)/(-28). Let b = a + -4. What is the highest common factor of b and 26?
13
Suppose -15 - 45 = -5*c. Let h be 7/((-70)/72)*-5. What is the greatest common factor of h and c?
12
Let t = -49 + 16. Let b = -18 - t. Calculate the highest common factor of 165 and b.
15
Let g be (-1 - (6 - 4)) + 27. Calculate the highest common factor of 6 and g.
6
Let z be (-1 + -11)/((-6)/8). Suppose i - z = -i. Suppose v = 2*k + 80, 2*v - 3*v + 56 = 4*k. What is the highest common factor of v and i?
8
Let x = 26 - 10. What is the highest common divisor of 128 and x?
16
Let b(o) = -182*o**3 - o**2 + 3*o + 2. Let l be b(-1). Calculate the greatest common divisor of 10 and l.
10
Let g(a) = -a**3 + 3*a**2 + a - 1. Let i be g(2). Suppose -3*l + 7 = i*m, -3 = -m - 4. What is the highest common factor of l and 16?
4
Let h = 21 + -4. What is the highest common divisor of h and 119?
17
Let q be ((-1)/3 - 0)/(1/(-12)). Calculate the greatest common divisor of q and 32.
4
Suppose 4*n - 2*l - 20 = n, 0 = -5*n + l + 31. Suppose n*m - m = 10. Calculate the greatest common divisor of m and 2.
2
Suppose 3*h + d = -3*d + 155, 4*d - 65 = -h. Suppose 4*c = -c + h. Suppose 2*r = w - 46, -4*w + 3*r - r = -154. What is the greatest common factor of w and c?
9
Suppose 3*a = 2*y - 142, y - 5*a = 60 - 3. Let g(v) = v**3 + 4*v**2 - 6*v + 3. Let l be g(-5). Let s = -1 + l. Calculate the highest common factor of s and y.
7
Suppose 0 = -3*p - 27. Let d = 18 + p. Calculate the greatest common factor of d and 18.
9
Let g = -30 - -45. Calculate the highest common factor of g and 120.
15
Let l = 44 + -11. Let o(u) = 7*u + 1. Let h be o(3). What is the highest common factor of l and h?
11
Let u(w) = -w**2 - 14*w - 2. Let d be u(-10). Suppose 26 = 2*c - d. What is the highest common factor of c and 48?
16
Let t be -1*1 - (2 + -3). Suppose -5*o + 2 - 12 = t. Let i be (70/25)/(o/(-10)). Calculate the greatest common factor of 98 and i.
14
Let m be 6/(-14) - 6732/(-28). Suppose 5*h = -h + m. Calculate the greatest common divisor of h and 20.
20
Suppose -d + 3*d - 3 = -u, 0 = -u + 3*d + 13. Let n = 9 - u. Calculate the highest common factor of n and 5.
1
Suppose 0 = -4*s + s. Let r be 0/(-9) + (s - -30). Calculate the highest common factor of r and 10.
10
Let k be (-2299)/(-44) + (-2)/8. What is the highest common divisor of k and 26?
26
Let i = 7 + 20. Calculate the highest common divisor of i and 9.
9
Let s = 7 + -3. Let w be s/(-26) - (-1460)/26. What is the highest common divisor of 8 and w?
8
Suppose -5*u = 5*q - 445, 72 = -2*q + 4*u + 244. Calculate the highest common divisor of 8 and q.
8
Let n(g) = 3*g. Let d be n(4). Suppose 9*s = 5*s + d. Suppose s*q - q = 4*l - 12, -5*l + 13 = -3*q. What is the highest common factor of 20 and q?
4
Suppose -2*u + 3*u - 1 = 0. Let t be 1 + u - (2 + 0). Suppose s + 0 - 6 = 4*x, s + 4*x - 22 = t. What is the highest common factor of 28 and s?
14
Let w = 4 - -3. Let k = w - -143. Let z be k/9*6/4. What is the greatest common factor of z and 225?
25
Let s(f) = f**3 - 7*f**2 - 9*f + 10. Let u be s(8). Suppose 3*i + 34 = -u*x + 109, -3*i + 135 = 4*x. Calculate the greatest common factor of x and 20.
10
Let u(y) = -2*y**2 - 33*y - 6. Let w be u(-14). Let l = 14 + -6. Calculate the highest common divisor of w and l.
8
Suppose 114 = 3*b - 0*b. Calculate the highest common factor of 190 and b.
38
Let r(d) = 2*d**3 - 3*d**2 - 3*d - 2. Let b be r(-2). Let f be ((-3)/2)/(3/b). Let t be 0 - -97 - (1 + 0). Calculate the greatest common factor of f and t.
12
Let v(z) = z**2 + 2*z - 4. Let k be v(-6). Let i be 241/5 + (-4)/k. What is the highest common factor of i and 12?
12
Suppose 2*m - 18 + 12 = 0. Suppose -5*l = -3*l - 4*r - 86, -4*l + 216 = m*r. What is the highest common factor of l and 17?
17
Suppose -o + 11 = b, 4*o = -5*b + 2*b + 43. Calculate the highest common factor of 50 and o.
10
Suppose 4*n = 116 - 20. Calculate the greatest common factor of n and 60.
12
Suppose 14 = 19*r - 24. Let l(p) = -p**3 + 8*p**2 + 3*p - 5. Let m be l(7). Let j = m + -43. What is the highest common divisor of r and j?
2
Suppose -8*k = -13*k + 50. Calculate the greatest common factor of 5 and k.
5
Let z = 4 + -2. Suppose 4*i + 0*i = -4. Let c be ((-11)/(-3))/(i/(-6)). What is the highest common factor of z and c?
2
Suppose v - 800 = -3*v. Suppose 3*g + 2*g = v. Calculate the greatest common factor of 10 and g.
10
Let o(u) = 24*u - 1. Let i be o(-1). Let n be 6/4*2 - i. What is the highest common factor of n and 4?
4
Suppose 2 = -3*d + 11. Let t be 1620/24*8/d. What is the highest common factor of 20 and t?
20
Let b(i) = -18*i**3 + i**2 - 1. Let h be b(-1). Suppose -3*n + h = -n. Suppose 0 = -0*y + 4*y - 180. What is the greatest common factor of n and y?
9
Suppose 4*l - 35 = 5*r, 4*l - r = r + 26. Calculate the highest common factor of 55 and l.
5
Let g = 131 + -87. Calculate the highest common divisor of 11 and g.
11
Let i = -10 - -15. Suppose -4*m + 3 = -5*m + i*x, 3*m + 5*x - 91 = 0. Let y = -10 + m. Calculate the highest common divisor of y and 3.
3
Suppose -4*c + c = -21. Let n be ((-1)/2)/((-2)/(-4)). Let w be n/3*(0 - 21). What is the greatest common factor of w and c?
7
Suppose 0 = -4*r - o + 46, 0*r + 19 = r + 4*o. Let p be 17 + -2*(-3)/(-2). Suppose 4*t - 30 = p. Calculate the highest common